{"id":3909,"date":"2022-03-15T18:48:35","date_gmt":"2022-03-15T18:48:35","guid":{"rendered":"https:\/\/www.casatortuga.cl\/?page_id=3909"},"modified":"2022-04-01T00:00:37","modified_gmt":"2022-04-01T00:00:37","slug":"somos-naturaleza","status":"publish","type":"page","link":"https:\/\/www.casatortuga.cl\/index.php\/portfolio\/somos-naturaleza\/","title":{"rendered":"somos naturaleza"},"content":{"rendered":"\t\t<div data-elementor-type=\"wp-page\" data-elementor-id=\"3909\" class=\"elementor elementor-3909\" data-elementor-settings=\"[]\">\n\t\t\t\t\t\t\t<div class=\"elementor-section-wrap\">\n\t\t\t\t\t\t\t<section class=\"elementor-section elementor-top-section elementor-element elementor-element-9ca59de elementor-section-full_width elementor-section-height-default elementor-section-height-default qodef-elementor-content-no\" data-id=\"9ca59de\" data-element_type=\"section\">\n\t\t\t\t\t\t<div class=\"elementor-container elementor-column-gap-no\">\n\t\t\t\t\t<div class=\"elementor-column elementor-col-100 elementor-top-column elementor-element elementor-element-e8f8230\" data-id=\"e8f8230\" data-element_type=\"column\">\n\t\t\t<div class=\"elementor-widget-wrap elementor-element-populated\">\n\t\t\t\t\t\t\t\t<div class=\"elementor-element elementor-element-28d361a elementor-widget-divider--view-line elementor-widget elementor-widget-divider\" data-id=\"28d361a\" data-element_type=\"widget\" data-widget_type=\"divider.default\">\n\t\t\t\t<div class=\"elementor-widget-container\">\n\t\t\t\t\t<div class=\"elementor-divider\">\n\t\t\t<span class=\"elementor-divider-separator\">\n\t\t\t\t\t\t<\/span>\n\t\t<\/div>\n\t\t\t\t<\/div>\n\t\t\t\t<\/div>\n\t\t\t\t\t<\/div>\n\t\t<\/div>\n\t\t\t\t\t\t\t<\/div>\n\t\t<\/section>\n\t\t\t\t<section class=\"elementor-section elementor-top-section elementor-element elementor-element-ea21e33 elementor-section-boxed elementor-section-height-default elementor-section-height-default qodef-elementor-content-no\" data-id=\"ea21e33\" data-element_type=\"section\">\n\t\t\t\t\t\t<div class=\"elementor-container elementor-column-gap-default\">\n\t\t\t\t\t<div class=\"elementor-column elementor-col-50 elementor-top-column elementor-element elementor-element-8a0e1c5\" data-id=\"8a0e1c5\" data-element_type=\"column\">\n\t\t\t<div class=\"elementor-widget-wrap\">\n\t\t\t\t\t\t\t\t\t<\/div>\n\t\t<\/div>\n\t\t\t\t<div class=\"elementor-column elementor-col-50 elementor-top-column elementor-element elementor-element-8c78b9d\" data-id=\"8c78b9d\" data-element_type=\"column\">\n\t\t\t<div class=\"elementor-widget-wrap\">\n\t\t\t\t\t\t\t\t\t<\/div>\n\t\t<\/div>\n\t\t\t\t\t\t\t<\/div>\n\t\t<\/section>\n\t\t\t\t<section class=\"elementor-section elementor-top-section elementor-element elementor-element-30913e8 elementor-section-boxed elementor-section-height-default elementor-section-height-default qodef-elementor-content-no\" data-id=\"30913e8\" data-element_type=\"section\">\n\t\t\t\t\t\t<div class=\"elementor-container elementor-column-gap-default\">\n\t\t\t\t\t<div class=\"elementor-column elementor-col-66 elementor-top-column elementor-element elementor-element-880d2a8\" data-id=\"880d2a8\" data-element_type=\"column\">\n\t\t\t<div class=\"elementor-widget-wrap elementor-element-populated\">\n\t\t\t\t\t\t\t\t<div class=\"elementor-element elementor-element-497ca4b elementor-widget elementor-widget-pelicula_core_section_title\" data-id=\"497ca4b\" data-element_type=\"widget\" data-widget_type=\"pelicula_core_section_title.default\">\n\t\t\t\t<div class=\"elementor-widget-container\">\n\t\t\t<div class=\"qodef-shortcode qodef-m  qodef-section-title qodef-alignment--left \" data-holder-options=\"{&quot;line-breaks&quot;:&quot;&quot;}\">\n\t\t<h6 class=\"qodef-m-tagline\" >\n\t\tVideo experimental\t<\/h6>\n\t    \t<h2 class=\"qodef-m-title\" >\n\t\t\tSomos Naturaleza\t<\/h2>\n    \t<\/div>\t\t<\/div>\n\t\t\t\t<\/div>\n\t\t\t\t<div class=\"elementor-element elementor-element-5b30e82 elementor-widget elementor-widget-text-editor\" data-id=\"5b30e82\" data-element_type=\"widget\" data-widget_type=\"text-editor.default\">\n\t\t\t\t<div class=\"elementor-widget-container\">\n\t\t\t\t\t\t\t<p>Somos Naturaleza es una aproximaci\u00f3n al coraz\u00f3n de la tierra. Un intento de m\u00edmesis simb\u00f3lica que evoca un viaje m\u00edstico a trav\u00e9s de la imagen y el sonido. Un experimento visual de significado variante y de una potencia est\u00e9tica nueva.<\/p><p>Ficha T\u00e9cnica:<\/p><p>Realizadores: Gonzalo Aburto, Benjam\u00edn Brunet<br \/>Producci\u00f3n: La Casa Tortuga<\/p>\t\t\t\t\t\t<\/div>\n\t\t\t\t<\/div>\n\t\t\t\t\t<\/div>\n\t\t<\/div>\n\t\t\t\t<div class=\"elementor-column elementor-col-33 elementor-top-column elementor-element elementor-element-3794f91\" data-id=\"3794f91\" data-element_type=\"column\">\n\t\t\t<div class=\"elementor-widget-wrap elementor-element-populated\">\n\t\t\t\t\t\t\t\t<div class=\"elementor-element elementor-element-520204c elementor-widget elementor-widget-image\" data-id=\"520204c\" data-element_type=\"widget\" data-widget_type=\"image.default\">\n\t\t\t\t<div class=\"elementor-widget-container\">\n\t\t\t\t\t\t\t\t\t\t\t\t\t\t\t<img loading=\"lazy\" decoding=\"async\" width=\"627\" height=\"960\" src=\"https:\/\/www.casatortuga.cl\/wp-content\/uploads\/2021\/12\/Somos-afiche.png\" class=\"attachment-medium_large size-medium_large\" alt=\"\" srcset=\"https:\/\/www.casatortuga.cl\/wp-content\/uploads\/2021\/12\/Somos-afiche.png 627w, https:\/\/www.casatortuga.cl\/wp-content\/uploads\/2021\/12\/Somos-afiche-196x300.png 196w, https:\/\/www.casatortuga.cl\/wp-content\/uploads\/2021\/12\/Somos-afiche-600x919.png 600w\" sizes=\"auto, (max-width: 627px) 100vw, 627px\" \/>\t\t\t\t\t\t\t\t\t\t\t\t\t\t\t<\/div>\n\t\t\t\t<\/div>\n\t\t\t\t\t<\/div>\n\t\t<\/div>\n\t\t\t\t\t\t\t<\/div>\n\t\t<\/section>\n\t\t\t\t<section class=\"elementor-section elementor-top-section elementor-element elementor-element-c63bfa6 elementor-section-boxed elementor-section-height-default elementor-section-height-default qodef-elementor-content-no\" data-id=\"c63bfa6\" data-element_type=\"section\">\n\t\t\t\t\t\t<div class=\"elementor-container elementor-column-gap-default\">\n\t\t\t\t\t<div class=\"elementor-column elementor-col-100 elementor-top-column elementor-element elementor-element-6007b43\" data-id=\"6007b43\" data-element_type=\"column\">\n\t\t\t<div class=\"elementor-widget-wrap elementor-element-populated\">\n\t\t\t\t\t\t\t\t<div class=\"elementor-element elementor-element-d232a02 elementor-widget elementor-widget-pelicula_core_video_button\" data-id=\"d232a02\" data-element_type=\"widget\" data-widget_type=\"pelicula_core_video_button.default\">\n\t\t\t\t<div class=\"elementor-widget-container\">\n\t\t\t<div class=\"qodef-shortcode qodef-m  qodef-video-button qodef--has-img\">\n\t    <div class=\"qodef-m-image\">\n\t\t<img loading=\"lazy\" decoding=\"async\" width=\"1500\" height=\"1000\" src=\"https:\/\/www.casatortuga.cl\/wp-content\/uploads\/2021\/12\/4.jpg\" class=\"attachment-full size-full\" alt=\"\" srcset=\"https:\/\/www.casatortuga.cl\/wp-content\/uploads\/2021\/12\/4.jpg 1500w, https:\/\/www.casatortuga.cl\/wp-content\/uploads\/2021\/12\/4-300x200.jpg 300w, https:\/\/www.casatortuga.cl\/wp-content\/uploads\/2021\/12\/4-1024x683.jpg 1024w, https:\/\/www.casatortuga.cl\/wp-content\/uploads\/2021\/12\/4-768x512.jpg 768w, https:\/\/www.casatortuga.cl\/wp-content\/uploads\/2021\/12\/4-600x400.jpg 600w\" sizes=\"auto, (max-width: 1500px) 100vw, 1500px\" \/>    <\/div>\n\t\t<a itemprop=\"url\" class=\"qodef-m-play qodef-magnific-popup qodef-popup-item\"  href=\"https:\/\/vimeo.com\/77859087\" data-type=\"iframe\">\n\t\t<span class=\"qodef-m-play-inner\">\n\t\t\t<span class=\"qodef-icon-ionicons ion-md-play\" ><\/span>\t\t<\/span>\n\t<\/a>\n<\/div>\t\t<\/div>\n\t\t\t\t<\/div>\n\t\t\t\t<div class=\"elementor-element elementor-element-4d44878 elementor-widget elementor-widget-qi_addons_for_elementor_image_gallery_masonry\" data-id=\"4d44878\" data-element_type=\"widget\" data-widget_type=\"qi_addons_for_elementor_image_gallery_masonry.default\">\n\t\t\t\t<div class=\"elementor-widget-container\">\n\t\t\t<div class=\"qodef-shortcode qodef-m  qodef-qi-image-gallery-masonry qodef-qi-fslightbox-popup qodef-popup-gallery qodef-image--hover-zoom  qodef-qi-grid qodef-layout--qi-masonry qodef-items--fixed qodef-col-num--3   qodef-responsive--predefined\">\n\t<div class=\"qodef-grid-inner\">\n\t\t\t<div class=\"qodef-qi-grid-masonry-sizer\"><\/div>\n<div class=\"qodef-e qodef-image-wrapper qodef-grid-item qodef-item--\">\n\t<div class=\"qodef-e-inner\">\n\t\t\t\t\t<a class=\"qodef-popup-item\" itemprop=\"image\" href=\"https:\/\/www.casatortuga.cl\/wp-content\/uploads\/2022\/03\/Foto-somos-12.png\" data-type=\"image\" data-fslightbox=\"gallery-1\">\n\t\t\t\t\t<img loading=\"lazy\" decoding=\"async\" width=\"1000\" height=\"563\" src=\"https:\/\/www.casatortuga.cl\/wp-content\/uploads\/2022\/03\/Foto-somos-12.png\" class=\"attachment- size-\" alt=\"\" srcset=\"https:\/\/www.casatortuga.cl\/wp-content\/uploads\/2022\/03\/Foto-somos-12.png 1000w, https:\/\/www.casatortuga.cl\/wp-content\/uploads\/2022\/03\/Foto-somos-12-300x169.png 300w, https:\/\/www.casatortuga.cl\/wp-content\/uploads\/2022\/03\/Foto-somos-12-768x432.png 768w, https:\/\/www.casatortuga.cl\/wp-content\/uploads\/2022\/03\/Foto-somos-12-600x338.png 600w\" sizes=\"auto, (max-width: 1000px) 100vw, 1000px\" \/>\t\t\t\t\t<\/a>\n\t\t\t<\/div>\n<\/div>\n<div class=\"qodef-e qodef-image-wrapper qodef-grid-item qodef-item--square\">\n\t<div class=\"qodef-e-inner\">\n\t\t\t\t\t<a class=\"qodef-popup-item\" itemprop=\"image\" href=\"https:\/\/www.casatortuga.cl\/wp-content\/uploads\/2021\/12\/2.jpg\" data-type=\"image\" data-fslightbox=\"gallery-1\">\n\t\t\t\t\t<img loading=\"lazy\" decoding=\"async\" width=\"650\" height=\"650\" src=\"https:\/\/www.casatortuga.cl\/wp-content\/uploads\/2021\/12\/2-650x650.jpg\" class=\"attachment-qi_addons_for_elementor_image_size_square size-qi_addons_for_elementor_image_size_square\" alt=\"\" srcset=\"https:\/\/www.casatortuga.cl\/wp-content\/uploads\/2021\/12\/2-650x650.jpg 650w, https:\/\/www.casatortuga.cl\/wp-content\/uploads\/2021\/12\/2-150x150.jpg 150w, https:\/\/www.casatortuga.cl\/wp-content\/uploads\/2021\/12\/2-300x300.jpg 300w, https:\/\/www.casatortuga.cl\/wp-content\/uploads\/2021\/12\/2-100x100.jpg 100w\" sizes=\"auto, (max-width: 650px) 100vw, 650px\" \/>\t\t\t\t\t<\/a>\n\t\t\t<\/div>\n<\/div>\n<div class=\"qodef-e qodef-image-wrapper qodef-grid-item qodef-item--square\">\n\t<div class=\"qodef-e-inner\">\n\t\t\t\t\t<a class=\"qodef-popup-item\" itemprop=\"image\" href=\"https:\/\/www.casatortuga.cl\/wp-content\/uploads\/2021\/12\/1.jpg\" data-type=\"image\" data-fslightbox=\"gallery-1\">\n\t\t\t\t\t<img loading=\"lazy\" decoding=\"async\" width=\"650\" height=\"650\" src=\"https:\/\/www.casatortuga.cl\/wp-content\/uploads\/2021\/12\/1-650x650.jpg\" class=\"attachment-qi_addons_for_elementor_image_size_square size-qi_addons_for_elementor_image_size_square\" alt=\"\" srcset=\"https:\/\/www.casatortuga.cl\/wp-content\/uploads\/2021\/12\/1-650x650.jpg 650w, https:\/\/www.casatortuga.cl\/wp-content\/uploads\/2021\/12\/1-150x150.jpg 150w, https:\/\/www.casatortuga.cl\/wp-content\/uploads\/2021\/12\/1-300x300.jpg 300w, https:\/\/www.casatortuga.cl\/wp-content\/uploads\/2021\/12\/1-100x100.jpg 100w\" sizes=\"auto, (max-width: 650px) 100vw, 650px\" \/>\t\t\t\t\t<\/a>\n\t\t\t<\/div>\n<\/div>\n\t<\/div>\n<\/div>\n\t\t<\/div>\n\t\t\t\t<\/div>\n\t\t\t\t\t<\/div>\n\t\t<\/div>\n\t\t\t\t\t\t\t<\/div>\n\t\t<\/section>\n\t\t\t\t<section class=\"elementor-section elementor-top-section elementor-element elementor-element-6aee276 elementor-section-boxed elementor-section-height-default elementor-section-height-default qodef-elementor-content-no\" data-id=\"6aee276\" data-element_type=\"section\">\n\t\t\t\t\t\t<div class=\"elementor-container elementor-column-gap-default\">\n\t\t\t\t\t<div class=\"elementor-column elementor-col-100 elementor-top-column elementor-element elementor-element-acdbf8f\" data-id=\"acdbf8f\" data-element_type=\"column\">\n\t\t\t<div class=\"elementor-widget-wrap elementor-element-populated\">\n\t\t\t\t\t\t\t\t<div class=\"elementor-element elementor-element-d791470 elementor-widget elementor-widget-pelicula_core_separator\" data-id=\"d791470\" data-element_type=\"widget\" data-widget_type=\"pelicula_core_separator.default\">\n\t\t\t\t<div class=\"elementor-widget-container\">\n\t\t\t<div class=\"qodef-shortcode qodef-m  qodef-separator clear \">\n\t<div class=\"qodef-m-line\" ><\/div>\n<\/div>\t\t<\/div>\n\t\t\t\t<\/div>\n\t\t\t\t\t<\/div>\n\t\t<\/div>\n\t\t\t\t\t\t\t<\/div>\n\t\t<\/section>\n\t\t\t\t<section class=\"elementor-section elementor-top-section elementor-element elementor-element-f7192b0 elementor-section-boxed elementor-section-height-default elementor-section-height-default qodef-elementor-content-no\" data-id=\"f7192b0\" data-element_type=\"section\">\n\t\t\t\t\t\t<div class=\"elementor-container elementor-column-gap-default\">\n\t\t\t\t\t<div class=\"elementor-column elementor-col-20 elementor-top-column elementor-element elementor-element-60cf4c8\" data-id=\"60cf4c8\" data-element_type=\"column\">\n\t\t\t<div class=\"elementor-widget-wrap elementor-element-populated\">\n\t\t\t\t\t\t\t\t<div class=\"elementor-element elementor-element-f34f679 elementor-widget elementor-widget-pelicula_core_button\" data-id=\"f34f679\" data-element_type=\"widget\" data-widget_type=\"pelicula_core_button.default\">\n\t\t\t\t<div class=\"elementor-widget-container\">\n\t\t\t<a class=\"qodef-shortcode qodef-m  qodef-button qodef-layout--filled  qodef-html--link\" href=\"https:\/\/www.casatortuga.cl\/index.php\/portfolio\/coreobiografias\/\" target=\"_self\" data-hover-color=\"#9F9F9F\" >\n\t<span class=\"qodef-m-text\">anterior<\/span>\n<\/a>\t\t<\/div>\n\t\t\t\t<\/div>\n\t\t\t\t\t<\/div>\n\t\t<\/div>\n\t\t\t\t<div class=\"elementor-column elementor-col-20 elementor-top-column elementor-element elementor-element-f63ee2c\" data-id=\"f63ee2c\" data-element_type=\"column\">\n\t\t\t<div class=\"elementor-widget-wrap\">\n\t\t\t\t\t\t\t\t\t<\/div>\n\t\t<\/div>\n\t\t\t\t<div class=\"elementor-column elementor-col-20 elementor-top-column elementor-element elementor-element-df26c69\" data-id=\"df26c69\" data-element_type=\"column\">\n\t\t\t<div class=\"elementor-widget-wrap\">\n\t\t\t\t\t\t\t\t\t<\/div>\n\t\t<\/div>\n\t\t\t\t<div class=\"elementor-column elementor-col-20 elementor-top-column elementor-element elementor-element-d6727ff\" data-id=\"d6727ff\" data-element_type=\"column\">\n\t\t\t<div class=\"elementor-widget-wrap\">\n\t\t\t\t\t\t\t\t\t<\/div>\n\t\t<\/div>\n\t\t\t\t<div class=\"elementor-column elementor-col-20 elementor-top-column elementor-element elementor-element-1889622\" data-id=\"1889622\" data-element_type=\"column\">\n\t\t\t<div class=\"elementor-widget-wrap elementor-element-populated\">\n\t\t\t\t\t\t\t\t<div class=\"elementor-element elementor-element-03816f9 elementor-widget elementor-widget-pelicula_core_button\" data-id=\"03816f9\" data-element_type=\"widget\" data-widget_type=\"pelicula_core_button.default\">\n\t\t\t\t<div class=\"elementor-widget-container\">\n\t\t\t<a class=\"qodef-shortcode qodef-m  qodef-button qodef-layout--filled  qodef-html--link\" href=\"https:\/\/www.casatortuga.cl\/index.php\/portfolio\/maria-ojos-negros\/\" target=\"_self\" data-hover-color=\"#9F9F9F\" >\n\t<span class=\"qodef-m-text\">siguiente<\/span>\n<\/a>\t\t<\/div>\n\t\t\t\t<\/div>\n\t\t\t\t\t<\/div>\n\t\t<\/div>\n\t\t\t\t\t\t\t<\/div>\n\t\t<\/section>\n\t\t\t\t\t\t<\/div>\n\t\t\t\t\t<\/div>\n\t\t","protected":false},"excerpt":{"rendered":"<p>Video experimental Somos Naturaleza Somos Naturaleza es una aproximaci\u00f3n al coraz\u00f3n de la tierra. Un intento de m\u00edmesis simb\u00f3lica que evoca un viaje m\u00edstico a trav\u00e9s de la imagen y el sonido. Un experimento visual de significado variante y de una potencia est\u00e9tica nueva. Ficha T\u00e9cnica: Realizadores: Gonzalo Aburto, Benjam\u00edn BrunetProducci\u00f3n: La Casa Tortuga anterior [&hellip;]<\/p>\n","protected":false},"author":1,"featured_media":0,"parent":1629,"menu_order":0,"comment_status":"closed","ping_status":"closed","template":"page-full-width.php","meta":{"footnotes":""},"class_list":["post-3909","page","type-page","status-publish","hentry"],"yoast_head":"<!-- This site is optimized with the Yoast SEO plugin v18.4.1 - https:\/\/yoast.com\/wordpress\/plugins\/seo\/ -->\n<title>somos naturaleza - Casa Tortuga<\/title>\n<meta name=\"robots\" content=\"index, follow, max-snippet:-1, max-image-preview:large, max-video-preview:-1\" \/>\n<link rel=\"canonical\" href=\"https:\/\/www.casatortuga.cl\/index.php\/portfolio\/somos-naturaleza\/\" \/>\n<meta property=\"og:locale\" content=\"es_ES\" \/>\n<meta property=\"og:type\" content=\"article\" \/>\n<meta property=\"og:title\" content=\"somos naturaleza - Casa Tortuga\" \/>\n<meta property=\"og:description\" content=\"Video experimental Somos Naturaleza Somos Naturaleza es una aproximaci\u00f3n al coraz\u00f3n de la tierra. Un intento de m\u00edmesis simb\u00f3lica que evoca un viaje m\u00edstico a trav\u00e9s de la imagen y el sonido. Un experimento visual de significado variante y de una potencia est\u00e9tica nueva. Ficha T\u00e9cnica: Realizadores: Gonzalo Aburto, Benjam\u00edn BrunetProducci\u00f3n: La Casa Tortuga anterior [&hellip;]\" \/>\n<meta property=\"og:url\" content=\"https:\/\/www.casatortuga.cl\/index.php\/portfolio\/somos-naturaleza\/\" \/>\n<meta property=\"og:site_name\" content=\"Casa Tortuga\" \/>\n<meta property=\"article:modified_time\" content=\"2022-04-01T00:00:37+00:00\" \/>\n<meta property=\"og:image\" content=\"https:\/\/www.casatortuga.cl\/wp-content\/uploads\/2021\/12\/Somos-afiche.png\" \/>\n<meta name=\"twitter:card\" content=\"summary_large_image\" \/>\n<script type=\"application\/ld+json\" class=\"yoast-schema-graph\">{\"@context\":\"https:\/\/schema.org\",\"@graph\":[{\"@type\":\"WebSite\",\"@id\":\"https:\/\/www.casatortuga.cl\/#website\",\"url\":\"https:\/\/www.casatortuga.cl\/\",\"name\":\"Casa Tortuga\",\"description\":\"Productora Audiovisual \/ Puerto Varas\",\"potentialAction\":[{\"@type\":\"SearchAction\",\"target\":{\"@type\":\"EntryPoint\",\"urlTemplate\":\"https:\/\/www.casatortuga.cl\/?s={search_term_string}\"},\"query-input\":\"required name=search_term_string\"}],\"inLanguage\":\"es\"},{\"@type\":\"ImageObject\",\"@id\":\"https:\/\/www.casatortuga.cl\/index.php\/portfolio\/somos-naturaleza\/#primaryimage\",\"inLanguage\":\"es\",\"url\":\"https:\/\/www.casatortuga.cl\/wp-content\/uploads\/2021\/12\/Somos-afiche.png\",\"contentUrl\":\"https:\/\/www.casatortuga.cl\/wp-content\/uploads\/2021\/12\/Somos-afiche.png\",\"width\":627,\"height\":960},{\"@type\":\"WebPage\",\"@id\":\"https:\/\/www.casatortuga.cl\/index.php\/portfolio\/somos-naturaleza\/#webpage\",\"url\":\"https:\/\/www.casatortuga.cl\/index.php\/portfolio\/somos-naturaleza\/\",\"name\":\"somos naturaleza - Casa Tortuga\",\"isPartOf\":{\"@id\":\"https:\/\/www.casatortuga.cl\/#website\"},\"primaryImageOfPage\":{\"@id\":\"https:\/\/www.casatortuga.cl\/index.php\/portfolio\/somos-naturaleza\/#primaryimage\"},\"datePublished\":\"2022-03-15T18:48:35+00:00\",\"dateModified\":\"2022-04-01T00:00:37+00:00\",\"breadcrumb\":{\"@id\":\"https:\/\/www.casatortuga.cl\/index.php\/portfolio\/somos-naturaleza\/#breadcrumb\"},\"inLanguage\":\"es\",\"potentialAction\":[{\"@type\":\"ReadAction\",\"target\":[\"https:\/\/www.casatortuga.cl\/index.php\/portfolio\/somos-naturaleza\/\"]}]},{\"@type\":\"BreadcrumbList\",\"@id\":\"https:\/\/www.casatortuga.cl\/index.php\/portfolio\/somos-naturaleza\/#breadcrumb\",\"itemListElement\":[{\"@type\":\"ListItem\",\"position\":1,\"name\":\"Portada\",\"item\":\"https:\/\/www.casatortuga.cl\/\"},{\"@type\":\"ListItem\",\"position\":2,\"name\":\"Portfolio\",\"item\":\"https:\/\/www.casatortuga.cl\/index.php\/portfolio\/\"},{\"@type\":\"ListItem\",\"position\":3,\"name\":\"somos naturaleza\"}]}]}<\/script>\n<!-- \/ Yoast SEO plugin. -->","yoast_head_json":{"title":"somos naturaleza - Casa Tortuga","robots":{"index":"index","follow":"follow","max-snippet":"max-snippet:-1","max-image-preview":"max-image-preview:large","max-video-preview":"max-video-preview:-1"},"canonical":"https:\/\/www.casatortuga.cl\/index.php\/portfolio\/somos-naturaleza\/","og_locale":"es_ES","og_type":"article","og_title":"somos naturaleza - Casa Tortuga","og_description":"Video experimental Somos Naturaleza Somos Naturaleza es una aproximaci\u00f3n al coraz\u00f3n de la tierra. Un intento de m\u00edmesis simb\u00f3lica que evoca un viaje m\u00edstico a trav\u00e9s de la imagen y el sonido. Un experimento visual de significado variante y de una potencia est\u00e9tica nueva. Ficha T\u00e9cnica: Realizadores: Gonzalo Aburto, Benjam\u00edn BrunetProducci\u00f3n: La Casa Tortuga anterior [&hellip;]","og_url":"https:\/\/www.casatortuga.cl\/index.php\/portfolio\/somos-naturaleza\/","og_site_name":"Casa Tortuga","article_modified_time":"2022-04-01T00:00:37+00:00","og_image":[{"url":"https:\/\/www.casatortuga.cl\/wp-content\/uploads\/2021\/12\/Somos-afiche.png"}],"twitter_card":"summary_large_image","schema":{"@context":"https:\/\/schema.org","@graph":[{"@type":"WebSite","@id":"https:\/\/www.casatortuga.cl\/#website","url":"https:\/\/www.casatortuga.cl\/","name":"Casa Tortuga","description":"Productora Audiovisual \/ Puerto Varas","potentialAction":[{"@type":"SearchAction","target":{"@type":"EntryPoint","urlTemplate":"https:\/\/www.casatortuga.cl\/?s={search_term_string}"},"query-input":"required name=search_term_string"}],"inLanguage":"es"},{"@type":"ImageObject","@id":"https:\/\/www.casatortuga.cl\/index.php\/portfolio\/somos-naturaleza\/#primaryimage","inLanguage":"es","url":"https:\/\/www.casatortuga.cl\/wp-content\/uploads\/2021\/12\/Somos-afiche.png","contentUrl":"https:\/\/www.casatortuga.cl\/wp-content\/uploads\/2021\/12\/Somos-afiche.png","width":627,"height":960},{"@type":"WebPage","@id":"https:\/\/www.casatortuga.cl\/index.php\/portfolio\/somos-naturaleza\/#webpage","url":"https:\/\/www.casatortuga.cl\/index.php\/portfolio\/somos-naturaleza\/","name":"somos naturaleza - Casa Tortuga","isPartOf":{"@id":"https:\/\/www.casatortuga.cl\/#website"},"primaryImageOfPage":{"@id":"https:\/\/www.casatortuga.cl\/index.php\/portfolio\/somos-naturaleza\/#primaryimage"},"datePublished":"2022-03-15T18:48:35+00:00","dateModified":"2022-04-01T00:00:37+00:00","breadcrumb":{"@id":"https:\/\/www.casatortuga.cl\/index.php\/portfolio\/somos-naturaleza\/#breadcrumb"},"inLanguage":"es","potentialAction":[{"@type":"ReadAction","target":["https:\/\/www.casatortuga.cl\/index.php\/portfolio\/somos-naturaleza\/"]}]},{"@type":"BreadcrumbList","@id":"https:\/\/www.casatortuga.cl\/index.php\/portfolio\/somos-naturaleza\/#breadcrumb","itemListElement":[{"@type":"ListItem","position":1,"name":"Portada","item":"https:\/\/www.casatortuga.cl\/"},{"@type":"ListItem","position":2,"name":"Portfolio","item":"https:\/\/www.casatortuga.cl\/index.php\/portfolio\/"},{"@type":"ListItem","position":3,"name":"somos naturaleza"}]}]}},"_links":{"self":[{"href":"https:\/\/www.casatortuga.cl\/index.php\/wp-json\/wp\/v2\/pages\/3909","targetHints":{"allow":["GET"]}}],"collection":[{"href":"https:\/\/www.casatortuga.cl\/index.php\/wp-json\/wp\/v2\/pages"}],"about":[{"href":"https:\/\/www.casatortuga.cl\/index.php\/wp-json\/wp\/v2\/types\/page"}],"author":[{"embeddable":true,"href":"https:\/\/www.casatortuga.cl\/index.php\/wp-json\/wp\/v2\/users\/1"}],"replies":[{"embeddable":true,"href":"https:\/\/www.casatortuga.cl\/index.php\/wp-json\/wp\/v2\/comments?post=3909"}],"version-history":[{"count":19,"href":"https:\/\/www.casatortuga.cl\/index.php\/wp-json\/wp\/v2\/pages\/3909\/revisions"}],"predecessor-version":[{"id":4139,"href":"https:\/\/www.casatortuga.cl\/index.php\/wp-json\/wp\/v2\/pages\/3909\/revisions\/4139"}],"up":[{"embeddable":true,"href":"https:\/\/www.casatortuga.cl\/index.php\/wp-json\/wp\/v2\/pages\/1629"}],"wp:attachment":[{"href":"https:\/\/www.casatortuga.cl\/index.php\/wp-json\/wp\/v2\/media?parent=3909"}],"curies":[{"name":"wp","href":"https:\/\/api.w.org\/{rel}","templated":true}]}}